{"id":1940,"date":"2018-03-07T18:02:13","date_gmt":"2018-03-07T17:02:13","guid":{"rendered":"https:\/\/www.veneziasitiweb.it\/magazzino\/cosmeticservice\/azienda\/"},"modified":"2019-11-20T12:13:08","modified_gmt":"2019-11-20T11:13:08","slug":"lenterprise","status":"publish","type":"page","link":"https:\/\/www.cosmeticservice.it\/fr\/lenterprise\/","title":{"rendered":"L&rsquo;enterprise"},"content":{"rendered":"<p>[vc_row][vc_column][vc_empty_space height=\u00a0\u00bb50px\u00a0\u00bb][\/vc_column][\/vc_row][vc_row equal_height=\u00a0\u00bbyes\u00a0\u00bb][vc_column width=\u00a0\u00bb1\/6&Prime;][\/vc_column][vc_column width=\u00a0\u00bb2\/3&Prime;]<div  class=\"sc_intro\"><div class=\"sc_intro_inner  sc_intro_style_3\"><div class=\"sc_intro_content\"><h2 class=\"sc_intro_title\">Leader du<br \/>\nPRODUCTION COSM\u00c9TIQUE<\/h2><div class=\"sc_intro_descr\">Technologies au service de la cosm\u00e9tique<\/div><\/div><\/div><\/div>[vc_empty_space height=\u00a0\u00bb50px\u00a0\u00bb][\/vc_column][vc_column width=\u00a0\u00bb1\/6&Prime;][\/vc_column][\/vc_row][vc_row][vc_column][vc_images_carousel images=\u00a0\u00bb3106,1146,1147&Prime; img_size=\u00a0\u00bbfull\u00a0\u00bb speed=\u00a0\u00bb4000&Prime; slides_per_view=\u00a0\u00bb3&Prime; hide_pagination_control=\u00a0\u00bbyes\u00a0\u00bb hide_prev_next_buttons=\u00a0\u00bbyes\u00a0\u00bb partial_view=\u00a0\u00bbyes\u00a0\u00bb wrap=\u00a0\u00bbyes\u00a0\u00bb][vc_empty_space height=\u00a0\u00bb50px\u00a0\u00bb][\/vc_column][\/vc_row][vc_row equal_height=\u00a0\u00bbyes\u00a0\u00bb][vc_column width=\u00a0\u00bb1\/6&Prime;][\/vc_column][vc_column width=\u00a0\u00bb2\/3&Prime;][vc_column_text]<\/p>\n<p style=\"text-align: center;\">Nous sommes une entreprise italienne sp\u00e9cialis\u00e9e dans la conception, la production et la personnalisation des articles cosm\u00e9tiques, fond\u00e9e sur l\u2019intuition et la capacit\u00e9 entrepreneuriale de <strong>Michele Ceolin<\/strong> et <strong>Susanna Sartori<\/strong>.<\/p>\n<p style=\"text-align: center;\">D\u00e8s l\u2019ann\u00e9e 2000, pas \u00e0 pas, nous avons acquis une solide exp\u00e9rience nous permettant d\u2019assister nos clients \u00e0 chaque \u00e9tape de la r\u00e9alisation du produit, <strong>qu\u2019il s\u2019agisse de vernis \u00e0 ongles, dissolvants, crayons, ombres \u00e0 paupi\u00e8res ou rouges \u00e0 l\u00e8vres.<br \/>\n<\/strong><br \/>\nTout ceci s\u2019effectue au sein de notre entreprise, selon la philosophie <strong>FULL SERVICE<\/strong> : de l\u2019\u00e9tude de l\u2019id\u00e9e \u00e0 la pr\u00e9paration en laboratoire de l\u2019\u00e9chantillon, en passant par la production, l\u2019\u00e9tiquetage, l\u2019emballage jusqu\u2019\u00e0 l\u2019exp\u00e9dition.<\/p>\n<p style=\"text-align: center;\">Une \u00e9quipe unie, compos\u00e9e de plus de trente personnes, contr\u00f4le rigoureusement chaque \u00e9tape, du choix des mati\u00e8res premi\u00e8res jusqu\u2019\u00e0 la confection du produit fini. Ainsi, la qualit\u00e9, la s\u00e9curit\u00e9 et les d\u00e9lais de r\u00e9alisation sont toujours garantis.<br \/>\nNous sommes un point de r\u00e9f\u00e9rence fiable pour toutes les entreprises d\u00e9sireuses de solutions originales et<strong> cr\u00e9\u00e9es sur mesure<\/strong>.<\/p>\n<p>[\/vc_column_text][\/vc_column][vc_column width=\u00a0\u00bb1\/6&Prime;][\/vc_column][\/vc_row][vc_row full_width=\u00a0\u00bbstretch_row_content_no_spaces\u00a0\u00bb inverse=\u00a0\u00bb\u00a0\u00bb][vc_column][vc_empty_space height=\u00a0\u00bb100px\u00a0\u00bb][\/vc_column][\/vc_row][vc_row][vc_column][vc_raw_html]JTNDc2NyaXB0JTIwdHlwZSUzRCUyMnRleHQlMkZqYXZhc2NyaXB0JTIyJTNFJTIwdmFyJTIwX2l1YiUyMCUzRCUyMF9pdWIlMjAlN0MlN0MlMjAlNUIlNUQlM0IlMjBfaXViLmNzQ29uZmlndXJhdGlvbiUyMCUzRCUyMCU3QiUyMmxhbmclMjIlM0ElMjJmciUyMiUyQyUyMnNpdGVJZCUyMiUzQTExMzEyMjclMkMlMjJjb25zZW50T25TY3JvbGwlMjIlM0FmYWxzZSUyQyUyMnByaW9yQ29uc2VudCUyMiUzQWZhbHNlJTJDJTIyY29uc2VudE9uQnV0dG9uJTIyJTNBZmFsc2UlMkMlMjJjb29raWVQb2xpY3lJZCUyMiUzQTMzOTg1MDI2JTdEJTNCJTIwJTNDJTJGc2NyaXB0JTNFJTNDc2NyaXB0JTIwdHlwZSUzRCUyMnRleHQlMkZqYXZhc2NyaXB0JTIyJTIwc3JjJTNEJTIyJTJGJTJGY2RuLml1YmVuZGEuY29tJTJGY29va2llX3NvbHV0aW9uJTJGc2FmZW1vZGUlMkZpdWJlbmRhX2NzLmpzJTIyJTIwY2hhcnNldCUzRCUyMlVURi04JTIyJTIwYXN5bmMlM0UlM0MlMkZzY3JpcHQlM0UlMjA=[\/vc_raw_html][\/vc_column][\/vc_row]<\/p>\n","protected":false},"excerpt":{"rendered":"<p>[vc_row][vc_column][vc_empty_space height=\u00a0\u00bb50px\u00a0\u00bb][\/vc_column][\/vc_row][vc_row equal_height=\u00a0\u00bbyes\u00a0\u00bb][vc_column width=\u00a0\u00bb1\/6&Prime;][\/vc_column][vc_column width=\u00a0\u00bb2\/3&Prime;][vc_empty_space height=\u00a0\u00bb50px\u00a0\u00bb][\/vc_column][vc_column width=\u00a0\u00bb1\/6&Prime;][\/vc_column][\/vc_row][vc_row][vc_column][vc_images_carousel images=\u00a0\u00bb3106,1146,1147&Prime; img_size=\u00a0\u00bbfull\u00a0\u00bb speed=\u00a0\u00bb4000&Prime; slides_per_view=\u00a0\u00bb3&Prime; hide_pagination_control=\u00a0\u00bbyes\u00a0\u00bb hide_prev_next_buttons=\u00a0\u00bbyes\u00a0\u00bb partial_view=\u00a0\u00bbyes\u00a0\u00bb wrap=\u00a0\u00bbyes\u00a0\u00bb][vc_empty_space height=\u00a0\u00bb50px\u00a0\u00bb][\/vc_column][\/vc_row][vc_row equal_height=\u00a0\u00bbyes\u00a0\u00bb][vc_column width=\u00a0\u00bb1\/6&Prime;][\/vc_column][vc_column width=\u00a0\u00bb2\/3&Prime;][vc_column_text] Nous sommes une entreprise italienne sp\u00e9cialis\u00e9e dans la conception, la production et la personnalisation des articles cosm\u00e9tiques, fond\u00e9e sur l\u2019intuition et la capacit\u00e9 entrepreneuriale de Michele Ceolin et Susanna Sartori. D\u00e8s l\u2019ann\u00e9e 2000, pas \u00e0 pas, [&hellip;]<\/p>\n","protected":false},"author":1,"featured_media":0,"parent":0,"menu_order":0,"comment_status":"closed","ping_status":"closed","template":"","meta":{"footnotes":"","_joinchat":[]},"_links":{"self":[{"href":"https:\/\/www.cosmeticservice.it\/fr\/wp-json\/wp\/v2\/pages\/1940"}],"collection":[{"href":"https:\/\/www.cosmeticservice.it\/fr\/wp-json\/wp\/v2\/pages"}],"about":[{"href":"https:\/\/www.cosmeticservice.it\/fr\/wp-json\/wp\/v2\/types\/page"}],"author":[{"embeddable":true,"href":"https:\/\/www.cosmeticservice.it\/fr\/wp-json\/wp\/v2\/users\/1"}],"replies":[{"embeddable":true,"href":"https:\/\/www.cosmeticservice.it\/fr\/wp-json\/wp\/v2\/comments?post=1940"}],"version-history":[{"count":4,"href":"https:\/\/www.cosmeticservice.it\/fr\/wp-json\/wp\/v2\/pages\/1940\/revisions"}],"predecessor-version":[{"id":3110,"href":"https:\/\/www.cosmeticservice.it\/fr\/wp-json\/wp\/v2\/pages\/1940\/revisions\/3110"}],"wp:attachment":[{"href":"https:\/\/www.cosmeticservice.it\/fr\/wp-json\/wp\/v2\/media?parent=1940"}],"curies":[{"name":"wp","href":"https:\/\/api.w.org\/{rel}","templated":true}]}}

<p>[vc_row][vc_column][vc_empty_space height= »50px »][/vc_column][/vc_row][vc_row equal_height= »yes »][vc_column width= »1/6&Prime;][/vc_column][vc_column width= »2/3&Prime;]<div  class="sc_intro"><div class="sc_intro_inner  sc_intro_style_3"><div class="sc_intro_content"><h2 class="sc_intro_title">Leader du<br />
PRODUCTION COSMÉTIQUE</h2><div class="sc_intro_descr">Technologies au service de la cosmétique</div></div></div></div>[vc_empty_space height= »50px »][/vc_column][vc_column width= »1/6&Prime;][/vc_column][/vc_row][vc_row][vc_column][vc_images_carousel images= »3106,1146,1147&Prime; img_size= »full » speed= »4000&Prime; slides_per_view= »3&Prime; hide_pagination_control= »yes » hide_prev_next_buttons= »yes » partial_view= »yes » wrap= »yes »][vc_empty_space height= »50px »][/vc_column][/vc_row][vc_row equal_height= »yes »][vc_column width= »1/6&Prime;][/vc_column][vc_column width= »2/3&Prime;][vc_column_text]</p>
<p style="text-align: center;">Nous sommes une entreprise italienne spécialisée dans la conception, la production et la personnalisation des articles cosmétiques, fondée sur l’intuition et la capacité entrepreneuriale de <strong>Michele Ceolin</strong> et <strong>Susanna Sartori</strong>.</p>
<p style="text-align: center;">Dès l’année 2000, pas à pas, nous avons acquis une solide expérience nous permettant d’assister nos clients à chaque étape de la réalisation du produit, <strong>qu’il s’agisse de vernis à ongles, dissolvants, crayons, ombres à paupières ou rouges à lèvres.<br />
</strong><br />
Tout ceci s’effectue au sein de notre entreprise, selon la philosophie <strong>FULL SERVICE</strong> : de l’étude de l’idée à la préparation en laboratoire de l’échantillon, en passant par la production, l’étiquetage, l’emballage jusqu’à l’expédition.</p>
<p style="text-align: center;">Une équipe unie, composée de plus de trente personnes, contrôle rigoureusement chaque étape, du choix des matières premières jusqu’à la confection du produit fini. Ainsi, la qualité, la sécurité et les délais de réalisation sont toujours garantis.<br />
Nous sommes un point de référence fiable pour toutes les entreprises désireuses de solutions originales et<strong> créées sur mesure</strong>.</p>
<p>[/vc_column_text][/vc_column][vc_column width= »1/6&Prime;][/vc_column][/vc_row][vc_row full_width= »stretch_row_content_no_spaces » inverse= » »][vc_column][vc_empty_space height= »100px »][/vc_column][/vc_row][vc_row][vc_column][vc_raw_html]JTNDc2NyaXB0JTIwdHlwZSUzRCUyMnRleHQlMkZqYXZhc2NyaXB0JTIyJTNFJTIwdmFyJTIwX2l1YiUyMCUzRCUyMF9pdWIlMjAlN0MlN0MlMjAlNUIlNUQlM0IlMjBfaXViLmNzQ29uZmlndXJhdGlvbiUyMCUzRCUyMCU3QiUyMmxhbmclMjIlM0ElMjJmciUyMiUyQyUyMnNpdGVJZCUyMiUzQTExMzEyMjclMkMlMjJjb25zZW50T25TY3JvbGwlMjIlM0FmYWxzZSUyQyUyMnByaW9yQ29uc2VudCUyMiUzQWZhbHNlJTJDJTIyY29uc2VudE9uQnV0dG9uJTIyJTNBZmFsc2UlMkMlMjJjb29raWVQb2xpY3lJZCUyMiUzQTMzOTg1MDI2JTdEJTNCJTIwJTNDJTJGc2NyaXB0JTNFJTNDc2NyaXB0JTIwdHlwZSUzRCUyMnRleHQlMkZqYXZhc2NyaXB0JTIyJTIwc3JjJTNEJTIyJTJGJTJGY2RuLml1YmVuZGEuY29tJTJGY29va2llX3NvbHV0aW9uJTJGc2FmZW1vZGUlMkZpdWJlbmRhX2NzLmpzJTIyJTIwY2hhcnNldCUzRCUyMlVURi04JTIyJTIwYXN5bmMlM0UlM0MlMkZzY3JpcHQlM0UlMjA=[/vc_raw_html][/vc_column][/vc_row]</p>

<p>[vc_row][vc_column][vc_empty_space height= »50px »][/vc_column][/vc_row][vc_row equal_height= »yes »][vc_column width= »1/6&Prime;][/vc_column][vc_column width= »2/3&Prime;][vc_empty_space height= »50px »][/vc_column][vc_column width= »1/6&Prime;][/vc_column][/vc_row][vc_row][vc_column][vc_images_carousel images= »3106,1146,1147&Prime; img_size= »full » speed= »4000&Prime; slides_per_view= »3&Prime; hide_pagination_control= »yes » hide_prev_next_buttons= »yes » partial_view= »yes » wrap= »yes »][vc_empty_space height= »50px »][/vc_column][/vc_row][vc_row equal_height= »yes »][vc_column width= »1/6&Prime;][/vc_column][vc_column width= »2/3&Prime;][vc_column_text] Nous sommes une entreprise italienne spécialisée dans la conception, la production et la personnalisation des articles cosmétiques, fondée sur l’intuition et la capacité entrepreneuriale de Michele Ceolin et Susanna Sartori. Dès l’année 2000, pas à pas, [&hellip;]</p>
